{"id":1402,"date":"2013-02-03T14:17:49","date_gmt":"2013-02-03T19:17:49","guid":{"rendered":"http:\/\/klodep.ca\/NZ2013.php\/?page_id=1402"},"modified":"2013-02-17T03:34:00","modified_gmt":"2013-02-17T08:34:00","slug":"j12-1-cape-kidnappers","status":"publish","type":"page","link":"https:\/\/nz2013.klodep.ca\/wrdpnz2013\/?page_id=1402","title":{"rendered":"Cape Kidnappers"},"content":{"rendered":"<p>Photos prises le 28 janvier lors de ma randonn\u00e9e au cap Kidnappers o\u00f9 j&rsquo;ai failli \u00eatre oblig\u00e9 de rester perch\u00e9 sur un monticule durant huit heures \u00e0 cause de la mar\u00e9e montante. Je venais de quitter Napier pour me rendre \u00e0 Wellington. Finalement, je me suis arr\u00eat\u00e9 \u00e0 Waipukurau.<\/p>\n<p><script>\nfunction CommentPhoto(idphoto)\n{\ndocument.getElementById(\"comment\").innerHTML=idphoto;\n}\n<\/script><\/p>\n<div id='diaporama' style='text-align: right'>\n<a href='..\/k-php\/voir-photos.php?rep=k-photos&#038;voy=nz_2013&#038;jrs=121&#038;grd=g&#038;num=1'><button type='button' onclick=''>Diaporama<\/button><\/a>\n<\/div>\n<table style='width: 120%; background-color: white; border-style: none'>\n<tr>\n<td>\n<table style='background-color: #f9f9f9; font-weight: bold; color: black'>\n<tr>\n<td>\n<a href='..\/k-php\/voir-photos.php?rep=k-photos&#038;voy=nz_2013&#038;jrs=121&#038;grd=g&#038;num=1'><img style='margin-left: 10px; margin-right: 10px; border: 5px double black; background-color: white' src='..\/k-photos\/nz_2013\/j121_v\/KP20130128_124440C_3.JPG' alt='photo no 1' align=left><\/a><strong>#01 &#8211; D\u00e9but du sentier<\/strong><\/br>\u00c0 30 km au sud de Napier.<\/p>\n<div id='photocom' style='text-align: right'><a href='#commentform' title='Commenter cette photo'><img src='..\/k-images\/comment-bubble.png' type='button' onclick='CommentPhoto(&#34; Photo #01 - D\u00e9but du sentier&#34;)'><\/a><\/div>\n<\/td>\n<\/tr>\n<\/table>\n<table style='background-color: #f9f9f9; font-weight: bold; color: black'>\n<tr>\n<td>\n<a href='..\/k-php\/voir-photos.php?rep=k-photos&#038;voy=nz_2013&#038;jrs=121&#038;grd=g&#038;num=2'><img style='margin-left: 10px; margin-right: 10px; border: 5px double black; background-color: white' src='..\/k-photos\/nz_2013\/j121_v\/KP20130128_130825C_3.JPG' alt='photo no 2' align=left><\/a><strong>#02 &#8211; Plage et falaises<\/strong><\/br>La plage longe les falaises jusqu&rsquo;au cap.<\/p>\n<div id='photocom' style='text-align: right'><a href='#commentform' title='Commenter cette photo'><img src='..\/k-images\/comment-bubble.png' type='button' onclick='CommentPhoto(&#34; Photo #02 - Plage et falaises&#34;)'><\/a><\/div>\n<\/td>\n<\/tr>\n<\/table>\n<table style='background-color: #f9f9f9; font-weight: bold; color: black'>\n<tr>\n<td>\n<a href='..\/k-php\/voir-photos.php?rep=k-photos&#038;voy=nz_2013&#038;jrs=121&#038;grd=g&#038;num=3'><img style='margin-left: 10px; margin-right: 10px; border: 5px double black; background-color: white' src='..\/k-photos\/nz_2013\/j121_v\/KP20130128_131559C_3.JPG' alt='photo no 3' align=left><\/a><strong>#03 &#8211; Tallus de roches<\/strong><\/br>La plage est faite d&rsquo;une partie en sable et de l&rsquo;autre en un tallus de gravier.<\/p>\n<div id='photocom' style='text-align: right'><a href='#commentform' title='Commenter cette photo'><img src='..\/k-images\/comment-bubble.png' type='button' onclick='CommentPhoto(&#34; Photo #03 - Tallus de roches&#34;)'><\/a><\/div>\n<\/td>\n<\/tr>\n<\/table>\n<table style='background-color: #f9f9f9; font-weight: bold; color: black'>\n<tr>\n<td>\n<a href='..\/k-php\/voir-photos.php?rep=k-photos&#038;voy=nz_2013&#038;jrs=121&#038;grd=g&#038;num=4'><img style='margin-left: 10px; margin-right: 10px; border: 5px double black; background-color: white' src='..\/k-photos\/nz_2013\/j121_v\/KP20130128_132612C_3.JPG' alt='photo no 4' align=left><\/a><strong>#04 &#8211; Longer la falaise<\/strong><\/br>Sur 8 km de marche pour atteindre le site.<\/p>\n<div id='photocom' style='text-align: right'><a href='#commentform' title='Commenter cette photo'><img src='..\/k-images\/comment-bubble.png' type='button' onclick='CommentPhoto(&#34; Photo #04 - Longer la falaise&#34;)'><\/a><\/div>\n<\/td>\n<\/tr>\n<\/table>\n<table style='background-color: #f9f9f9; font-weight: bold; color: black'>\n<tr>\n<td>\n<a href='..\/k-php\/voir-photos.php?rep=k-photos&#038;voy=nz_2013&#038;jrs=121&#038;grd=g&#038;num=5'><img style='margin-left: 10px; margin-right: 10px; border: 5px double black; background-color: white' src='..\/k-photos\/nz_2013\/j121_v\/KP20130128_132655C_3.JPG' alt='photo no 5' align=left><\/a><strong>#05 &#8211; Petite crique<\/strong><\/br>\u00c0 plusieurs endroits, la plage s&rsquo;\u00e9largie pour former une petite crique.<\/p>\n<div id='photocom' style='text-align: right'><a href='#commentform' title='Commenter cette photo'><img src='..\/k-images\/comment-bubble.png' type='button' onclick='CommentPhoto(&#34; Photo #05 - Petite crique&#34;)'><\/a><\/div>\n<\/td>\n<\/tr>\n<\/table>\n<table style='background-color: #f9f9f9; font-weight: bold; color: black'>\n<tr>\n<td>\n<a href='..\/k-php\/voir-photos.php?rep=k-photos&#038;voy=nz_2013&#038;jrs=121&#038;grd=g&#038;num=6'><img style='margin-left: 10px; margin-right: 10px; border: 5px double black; background-color: white' src='..\/k-photos\/nz_2013\/j121_v\/KP20130128_140444C_3.JPG' alt='photo no 6' align=left><\/a><strong>#06 &#8211; Encore plus loin<\/strong><\/br>Apr\u00e8s 1h30 de marche.<\/p>\n<div id='photocom' style='text-align: right'><a href='#commentform' title='Commenter cette photo'><img src='..\/k-images\/comment-bubble.png' type='button' onclick='CommentPhoto(&#34; Photo #06 - Encore plus loin&#34;)'><\/a><\/div>\n<\/td>\n<\/tr>\n<\/table>\n<table style='background-color: #f9f9f9; font-weight: bold; color: black'>\n<tr>\n<td>\n<a href='..\/k-php\/voir-photos.php?rep=k-photos&#038;voy=nz_2013&#038;jrs=121&#038;grd=g&#038;num=7'><img style='margin-left: 10px; margin-right: 10px; border: 5px double black; background-color: white' src='..\/k-photos\/nz_2013\/j121_v\/KP20130128_140632C_3.JPG' alt='photo no 7' align=left><\/a><strong>#07 &#8211; Derri\u00e8re moi<\/strong><\/br>Je regarde le chemin parcouru derri\u00e8re moi.<\/br>\u00c0 cet endroit, \u00e0 mon retrour, les vagues frappaient les roches au loin.<\/p>\n<div id='photocom' style='text-align: right'><a href='#commentform' title='Commenter cette photo'><img src='..\/k-images\/comment-bubble.png' type='button' onclick='CommentPhoto(&#34; Photo #07 - Derri\u00e8re moi&#34;)'><\/a><\/div>\n<\/td>\n<\/tr>\n<\/table>\n<table style='background-color: #f9f9f9; font-weight: bold; color: black'>\n<tr>\n<td>\n<a href='..\/k-php\/voir-photos.php?rep=k-photos&#038;voy=nz_2013&#038;jrs=121&#038;grd=g&#038;num=8'><img style='margin-left: 10px; margin-right: 10px; border: 5px double black; background-color: white' src='..\/k-photos\/nz_2013\/j121_v\/KP20130128_143625C_3.JPG' alt='photo no 8' align=left><\/a><strong>#08 &#8211; Le site au loin<\/strong><\/br>Les rochers blancs sur lesquels sont nich\u00e9s les fous austraux.<\/p>\n<div id='photocom' style='text-align: right'><a href='#commentform' title='Commenter cette photo'><img src='..\/k-images\/comment-bubble.png' type='button' onclick='CommentPhoto(&#34; Photo #08 - Le site au loin&#34;)'><\/a><\/div>\n<\/td>\n<\/tr>\n<\/table>\n<table style='background-color: #f9f9f9; font-weight: bold; color: black'>\n<tr>\n<td>\n<a href='..\/k-php\/voir-photos.php?rep=k-photos&#038;voy=nz_2013&#038;jrs=121&#038;grd=g&#038;num=9'><img style='margin-left: 10px; margin-right: 10px; border: 5px double black; background-color: white' src='..\/k-photos\/nz_2013\/j121_v\/KP20130128_145947C_3.JPG' alt='photo no 9' align=left><\/a><strong>#09 &#8211; Fous austraux<\/strong><\/br>Je suis arriv\u00e9 au site de nidification.<\/p>\n<div id='photocom' style='text-align: right'><a href='#commentform' title='Commenter cette photo'><img src='..\/k-images\/comment-bubble.png' type='button' onclick='CommentPhoto(&#34; Photo #09 - Fous austraux&#34;)'><\/a><\/div>\n<\/td>\n<\/tr>\n<\/table>\n<table style='background-color: #f9f9f9; font-weight: bold; color: black'>\n<tr>\n<td>\n<a href='..\/k-php\/voir-photos.php?rep=k-photos&#038;voy=nz_2013&#038;jrs=121&#038;grd=g&#038;num=10'><img style='margin-left: 10px; margin-right: 10px; border: 5px double black; background-color: white' src='..\/k-photos\/nz_2013\/j121_v\/KP20130128_150332C_3.JPG' alt='photo no 10' align=left><\/a><strong>#10 &#8211; Rochers de nidification<\/strong><\/br>Les oiseaux semblent privil\u00e9gier ces masses rocheuses aux falaises bordant la plage.<\/p>\n<div id='photocom' style='text-align: right'><a href='#commentform' title='Commenter cette photo'><img src='..\/k-images\/comment-bubble.png' type='button' onclick='CommentPhoto(&#34; Photo #10 - Rochers de nidification&#34;)'><\/a><\/div>\n<\/td>\n<\/tr>\n<\/table>\n<table style='background-color: #f9f9f9; font-weight: bold; color: black'>\n<tr>\n<td>\n<a href='..\/k-php\/voir-photos.php?rep=k-photos&#038;voy=nz_2013&#038;jrs=121&#038;grd=g&#038;num=11'><img style='margin-left: 10px; margin-right: 10px; border: 5px double black; background-color: white' src='..\/k-photos\/nz_2013\/j121_v\/KP20130128_150905C_3.JPG' alt='photo no 11' align=left><\/a><strong>#11 &#8211; Arcade sous un rocher de nidification<\/strong><\/br>Sur la plage.<\/br>Tout au dessus, plein d&rsquo;oiseaux.<\/p>\n<div id='photocom' style='text-align: right'><a href='#commentform' title='Commenter cette photo'><img src='..\/k-images\/comment-bubble.png' type='button' onclick='CommentPhoto(&#34; Photo #11 - Arcade sous un rocher de nidification&#34;)'><\/a><\/div>\n<\/td>\n<\/tr>\n<\/table>\n<table style='background-color: #f9f9f9; font-weight: bold; color: black'>\n<tr>\n<td>\n<a href='..\/k-php\/voir-photos.php?rep=k-photos&#038;voy=nz_2013&#038;jrs=121&#038;grd=g&#038;num=12'><img style='margin-left: 10px; margin-right: 10px; border: 5px double black; background-color: white' src='..\/k-photos\/nz_2013\/j121_v\/KP20130128_150941C_3.JPG' alt='photo no 12' align=left><\/a><strong>#12 &#8211; Bec contre bec<\/strong><\/br>On se courtise.<\/p>\n<div id='photocom' style='text-align: right'><a href='#commentform' title='Commenter cette photo'><img src='..\/k-images\/comment-bubble.png' type='button' onclick='CommentPhoto(&#34; Photo #12 - Bec contre bec&#34;)'><\/a><\/div>\n<\/td>\n<\/tr>\n<\/table>\n<table style='background-color: #f9f9f9; font-weight: bold; color: black'>\n<tr>\n<td>\n<a href='..\/k-php\/voir-photos.php?rep=k-photos&#038;voy=nz_2013&#038;jrs=121&#038;grd=g&#038;num=13'><img style='margin-left: 10px; margin-right: 10px; border: 5px double black; background-color: white' src='..\/k-photos\/nz_2013\/j121_v\/KP20130128_150957C_3.JPG' alt='photo no 13' align=left><\/a><strong>#13 &#8211; On s&#8217;embrasse<\/strong><\/br>Apr\u00e8s s&rsquo;\u00eatre fait courtiser, le baiser s&rsquo;impose.<\/p>\n<div id='photocom' style='text-align: right'><a href='#commentform' title='Commenter cette photo'><img src='..\/k-images\/comment-bubble.png' type='button' onclick='CommentPhoto(&#34; Photo #13 - On s'embrasse&#34;)'><\/a><\/div>\n<\/td>\n<\/tr>\n<\/table>\n<table style='background-color: #f9f9f9; font-weight: bold; color: black'>\n<tr>\n<td>\n<a href='..\/k-php\/voir-photos.php?rep=k-photos&#038;voy=nz_2013&#038;jrs=121&#038;grd=g&#038;num=14'><img style='margin-left: 10px; margin-right: 10px; border: 5px double black; background-color: white' src='..\/k-photos\/nz_2013\/j121_v\/KP20130128_151252C_151333C_3.jpg' alt='photo no 14' align=left><\/a><strong>#14 &#8211; Le site de nidification<\/strong><\/br>Panorama du site.<\/p>\n<div id='photocom' style='text-align: right'><a href='#commentform' title='Commenter cette photo'><img src='..\/k-images\/comment-bubble.png' type='button' onclick='CommentPhoto(&#34; Photo #14 - Le site de nidification&#34;)'><\/a><\/div>\n<\/td>\n<\/tr>\n<\/table>\n<table style='background-color: #f9f9f9; font-weight: bold; color: black'>\n<tr>\n<td>\n<a href='..\/k-php\/voir-photos.php?rep=k-photos&#038;voy=nz_2013&#038;jrs=121&#038;grd=g&#038;num=15'><img style='margin-left: 10px; margin-right: 10px; border: 5px double black; background-color: white' src='..\/k-photos\/nz_2013\/j121_v\/KP20130128_151630C_3.JPG' alt='photo no 15' align=left><\/a><strong>#15 &#8211; Un vol d&rsquo;oiseau<\/strong><\/br>Un oiseau quitte son nid.<\/p>\n<div id='photocom' style='text-align: right'><a href='#commentform' title='Commenter cette photo'><img src='..\/k-images\/comment-bubble.png' type='button' onclick='CommentPhoto(&#34; Photo #15 - Un vol d'oiseau&#34;)'><\/a><\/div>\n<\/td>\n<\/tr>\n<\/table>\n<table style='background-color: #f9f9f9; font-weight: bold; color: black'>\n<tr>\n<td>\n<a href='..\/k-php\/voir-photos.php?rep=k-photos&#038;voy=nz_2013&#038;jrs=121&#038;grd=g&#038;num=16'><img style='margin-left: 10px; margin-right: 10px; border: 5px double black; background-color: white' src='..\/k-photos\/nz_2013\/j121_v\/KP20130128_152417C_3.JPG' alt='photo no 16' align=left><\/a><strong>#16 &#8211; Crique<\/strong><\/br>Petite crique un peu plus loin du site.<\/p>\n<div id='photocom' style='text-align: right'><a href='#commentform' title='Commenter cette photo'><img src='..\/k-images\/comment-bubble.png' type='button' onclick='CommentPhoto(&#34; Photo #16 - Crique&#34;)'><\/a><\/div>\n<\/td>\n<\/tr>\n<\/table>\n<table style='background-color: #f9f9f9; font-weight: bold; color: black'>\n<tr>\n<td>\n<a href='..\/k-php\/voir-photos.php?rep=k-photos&#038;voy=nz_2013&#038;jrs=121&#038;grd=g&#038;num=17'><img style='margin-left: 10px; margin-right: 10px; border: 5px double black; background-color: white' src='..\/k-photos\/nz_2013\/j121_v\/KP20130128_152932C_3.JPG' alt='photo no 17' align=left><\/a><strong>#17 &#8211; Auto-portrait<\/strong><\/br>Remarquer l&rsquo;eau qui commence \u00e0 recouvrir les pistes des v\u00e9hicules 4&#215;4.<\/p>\n<div id='photocom' style='text-align: right'><a href='#commentform' title='Commenter cette photo'><img src='..\/k-images\/comment-bubble.png' type='button' onclick='CommentPhoto(&#34; Photo #17 - Auto-portrait&#34;)'><\/a><\/div>\n<\/td>\n<\/tr>\n<\/table>\n<table style='background-color: #f9f9f9; font-weight: bold; color: black'>\n<tr>\n<td>\n<a href='..\/k-php\/voir-photos.php?rep=k-photos&#038;voy=nz_2013&#038;jrs=121&#038;grd=g&#038;num=18'><img style='margin-left: 10px; margin-right: 10px; border: 5px double black; background-color: white' src='..\/k-photos\/nz_2013\/j121_v\/KP20130128_153332C_3.JPG' alt='photo no 18' align=left><\/a><strong>#18 &#8211; Petite crique<\/strong><\/br>Autre petite plage entour\u00e9e des falaises.<\/p>\n<div id='photocom' style='text-align: right'><a href='#commentform' title='Commenter cette photo'><img src='..\/k-images\/comment-bubble.png' type='button' onclick='CommentPhoto(&#34; Photo #18 - Petite crique&#34;)'><\/a><\/div>\n<\/td>\n<\/tr>\n<\/table>\n<table style='background-color: #f9f9f9; font-weight: bold; color: black'>\n<tr>\n<td>\n<a href='..\/k-php\/voir-photos.php?rep=k-photos&#038;voy=nz_2013&#038;jrs=121&#038;grd=g&#038;num=19'><img style='margin-left: 10px; margin-right: 10px; border: 5px double black; background-color: white' src='..\/k-photos\/nz_2013\/j121_v\/KP20130128_153523C_3.JPG' alt='photo no 19' align=left><\/a><strong>#19 &#8211; Une mar\u00e9e montante<\/strong><\/br>Je ne m&rsquo;en suis pas encore rendu compte.<\/p>\n<div id='photocom' style='text-align: right'><a href='#commentform' title='Commenter cette photo'><img src='..\/k-images\/comment-bubble.png' type='button' onclick='CommentPhoto(&#34; Photo #19 - Une mar\u00e9e montante&#34;)'><\/a><\/div>\n<\/td>\n<\/tr>\n<\/table>\n<table style='background-color: #f9f9f9; font-weight: bold; color: black'>\n<tr>\n<td>\n<a href='..\/k-php\/voir-photos.php?rep=k-photos&#038;voy=nz_2013&#038;jrs=121&#038;grd=g&#038;num=20'><img style='margin-left: 10px; margin-right: 10px; border: 5px double black; background-color: white' src='..\/k-photos\/nz_2013\/j121_v\/KP20130128_153838C_3.JPG' alt='photo no 20' align=left><\/a><strong>#20 &#8211; Un vol d&rsquo;oiseau<\/strong><\/br>Une parade autour de moi commence.<\/p>\n<div id='photocom' style='text-align: right'><a href='#commentform' title='Commenter cette photo'><img src='..\/k-images\/comment-bubble.png' type='button' onclick='CommentPhoto(&#34; Photo #20 - Un vol d'oiseau&#34;)'><\/a><\/div>\n<\/td>\n<\/tr>\n<\/table>\n<table style='background-color: #f9f9f9; font-weight: bold; color: black'>\n<tr>\n<td>\n<a href='..\/k-php\/voir-photos.php?rep=k-photos&#038;voy=nz_2013&#038;jrs=121&#038;grd=g&#038;num=21'><img style='margin-left: 10px; margin-right: 10px; border: 5px double black; background-color: white' src='..\/k-photos\/nz_2013\/j121_v\/KP20130128_153847C_3.JPG' alt='photo no 21' align=left><\/a><strong>#21 &#8211; Formation \u00e0 trois<\/strong><\/br>On me fait un spectacle avant mon d\u00e9part.<\/p>\n<div id='photocom' style='text-align: right'><a href='#commentform' title='Commenter cette photo'><img src='..\/k-images\/comment-bubble.png' type='button' onclick='CommentPhoto(&#34; Photo #21 - Formation \u00e0 trois&#34;)'><\/a><\/div>\n<\/td>\n<\/tr>\n<\/table>\n<table style='background-color: #f9f9f9; font-weight: bold; color: black'>\n<tr>\n<td>\n<a href='..\/k-php\/voir-photos.php?rep=k-photos&#038;voy=nz_2013&#038;jrs=121&#038;grd=g&#038;num=22'><img style='margin-left: 10px; margin-right: 10px; border: 5px double black; background-color: white' src='..\/k-photos\/nz_2013\/j121_v\/KP20130128_153905C_3.JPG' alt='photo no 22' align=left><\/a><strong>#22 &#8211; Un sprint d&rsquo;oiseau<\/strong><\/br>Il me montre comment il peut voler vite.<\/p>\n<div id='photocom' style='text-align: right'><a href='#commentform' title='Commenter cette photo'><img src='..\/k-images\/comment-bubble.png' type='button' onclick='CommentPhoto(&#34; Photo #22 - Un sprint d'oiseau&#34;)'><\/a><\/div>\n<\/td>\n<\/tr>\n<\/table>\n<table style='background-color: #f9f9f9; font-weight: bold; color: black'>\n<tr>\n<td>\n<a href='..\/k-php\/voir-photos.php?rep=k-photos&#038;voy=nz_2013&#038;jrs=121&#038;grd=g&#038;num=23'><img style='margin-left: 10px; margin-right: 10px; border: 5px double black; background-color: white' src='..\/k-photos\/nz_2013\/j121_v\/KP20130128_154238C_3.JPG' alt='photo no 23' align=left><\/a><strong>#23 &#8211; Sur le chemin du retour<\/strong><\/br>Plusieurs kilom\u00e8tres \u00e0 faire encore.<\/p>\n<div id='photocom' style='text-align: right'><a href='#commentform' title='Commenter cette photo'><img src='..\/k-images\/comment-bubble.png' type='button' onclick='CommentPhoto(&#34; Photo #23 - Sur le chemin du retour&#34;)'><\/a><\/div>\n<\/td>\n<\/tr>\n<\/table>\n<table style='background-color: #f9f9f9; font-weight: bold; color: black'>\n<tr>\n<td>\n<a href='..\/k-php\/voir-photos.php?rep=k-photos&#038;voy=nz_2013&#038;jrs=121&#038;grd=g&#038;num=24'><img style='margin-left: 10px; margin-right: 10px; border: 5px double black; background-color: white' src='..\/k-photos\/nz_2013\/j121_v\/KP20130128_161210C_3.JPG' alt='photo no 24' align=left><\/a><strong>#24 &#8211; Sur le chemin du retour<\/strong><\/br>Encore une demi-heure de marche.<\/br>Remarquer les strates p\u00e2les et fonc\u00e9es des falaises marquant l&rsquo;\u00e2ge g\u00e9ologique.<\/p>\n<div id='photocom' style='text-align: right'><a href='#commentform' title='Commenter cette photo'><img src='..\/k-images\/comment-bubble.png' type='button' onclick='CommentPhoto(&#34; Photo #24 - Sur le chemin du retour&#34;)'><\/a><\/div>\n<\/td>\n<\/tr>\n<\/table>\n<\/td>\n<\/tr>\n<\/table>\n<p style='font-size: 12pt; font-style: bold; text-align: right; margin-right: 80px'><strong>&Eacute;dit&eacute; par: &#169; Klode P.<\/strong><\/p>\n","protected":false},"excerpt":{"rendered":"<p>Photos prises le 28 janvier lors de ma randonn\u00e9e au cap Kidnappers o\u00f9 j&rsquo;ai failli \u00eatre oblig\u00e9 de rester perch\u00e9 sur un monticule durant huit heures \u00e0 cause de la mar\u00e9e montante. Je venais de quitter Napier pour me rendre &hellip; <a href=\"https:\/\/nz2013.klodep.ca\/wrdpnz2013\/?page_id=1402\">Continuer la lecture <span class=\"meta-nav\">&rarr;<\/span><\/a><\/p>\n","protected":false},"author":1,"featured_media":0,"parent":0,"menu_order":0,"comment_status":"open","ping_status":"closed","template":"","meta":{"footnotes":""},"class_list":["post-1402","page","type-page","status-publish","hentry"],"_links":{"self":[{"href":"https:\/\/nz2013.klodep.ca\/wrdpnz2013\/index.php?rest_route=\/wp\/v2\/pages\/1402","targetHints":{"allow":["GET"]}}],"collection":[{"href":"https:\/\/nz2013.klodep.ca\/wrdpnz2013\/index.php?rest_route=\/wp\/v2\/pages"}],"about":[{"href":"https:\/\/nz2013.klodep.ca\/wrdpnz2013\/index.php?rest_route=\/wp\/v2\/types\/page"}],"author":[{"embeddable":true,"href":"https:\/\/nz2013.klodep.ca\/wrdpnz2013\/index.php?rest_route=\/wp\/v2\/users\/1"}],"replies":[{"embeddable":true,"href":"https:\/\/nz2013.klodep.ca\/wrdpnz2013\/index.php?rest_route=%2Fwp%2Fv2%2Fcomments&post=1402"}],"version-history":[{"count":7,"href":"https:\/\/nz2013.klodep.ca\/wrdpnz2013\/index.php?rest_route=\/wp\/v2\/pages\/1402\/revisions"}],"predecessor-version":[{"id":1760,"href":"https:\/\/nz2013.klodep.ca\/wrdpnz2013\/index.php?rest_route=\/wp\/v2\/pages\/1402\/revisions\/1760"}],"wp:attachment":[{"href":"https:\/\/nz2013.klodep.ca\/wrdpnz2013\/index.php?rest_route=%2Fwp%2Fv2%2Fmedia&parent=1402"}],"curies":[{"name":"wp","href":"https:\/\/api.w.org\/{rel}","templated":true}]}}