{"id":1848,"date":"2013-02-23T03:06:17","date_gmt":"2013-02-23T08:06:17","guid":{"rendered":"http:\/\/klodep.ca\/NZ2013.php\/?page_id=1848"},"modified":"2013-02-24T03:04:54","modified_gmt":"2013-02-24T08:04:54","slug":"fox-glacier-et-en-direction-de-haast","status":"publish","type":"page","link":"https:\/\/nz2013.klodep.ca\/wrdpnz2013\/?page_id=1848","title":{"rendered":"Fox Glacier et en direction de Haast"},"content":{"rendered":"<p>Photos prises le 17 f\u00e9vrier lors de ma visite au glacier Fox et sur la route \u00e0 <em>Knights Point<\/em> et <em>Ship Creek<\/em> un peu avant d&rsquo;arriv\u00e9e \u00e0 Haast.<\/p>\n<p><script>\nfunction CommentPhoto(idphoto)\n{\ndocument.getElementById(\"comment\").innerHTML=idphoto;\n}\n<\/script><\/p>\n<div id='diaporama' style='text-align: right'>\n<a href='..\/k-php\/voir-photos.php?rep=k-photos&#038;voy=nz_2013&#038;jrs=29&#038;grd=g&#038;num=1'><button type='button' onclick=''>Diaporama<\/button><\/a>\n<\/div>\n<table style='width: 120%; background-color: white; border-style: none'>\n<tr>\n<td>\n<table style='background-color: #f9f9f9; font-weight: bold; color: black'>\n<tr>\n<td>\n<a href='..\/k-php\/voir-photos.php?rep=k-photos&#038;voy=nz_2013&#038;jrs=29&#038;grd=g&#038;num=1'><img style='margin-left: 10px; margin-right: 10px; border: 5px double black; background-color: white' src='..\/k-photos\/nz_2013\/j29_v\/KP20130217_091110C_3.JPG' alt='photo no 1' align=left><\/a><strong>#01 &#8211; Fox Glacier<\/strong><\/br>Paroie rocheuse dans la vall\u00e9e pour se rendre au glacier.<\/p>\n<div id='photocom' style='text-align: right'><a href='#commentform' title='Commenter cette photo'><img src='..\/k-images\/comment-bubble.png' type='button' onclick='CommentPhoto(&#34; Photo #01 - Fox Glacier&#34;)'><\/a><\/div>\n<\/td>\n<\/tr>\n<\/table>\n<table style='background-color: #f9f9f9; font-weight: bold; color: black'>\n<tr>\n<td>\n<a href='..\/k-php\/voir-photos.php?rep=k-photos&#038;voy=nz_2013&#038;jrs=29&#038;grd=g&#038;num=2'><img style='margin-left: 10px; margin-right: 10px; border: 5px double black; background-color: white' src='..\/k-photos\/nz_2013\/j29_v\/KP20130217_091701C_3.JPG' alt='photo no 2' align=left><\/a><strong>#02 &#8211; Fox Glacier<\/strong><\/br>Rivi\u00e8re et moraine dans la vall\u00e9e pour se rendre au glacier.<\/p>\n<div id='photocom' style='text-align: right'><a href='#commentform' title='Commenter cette photo'><img src='..\/k-images\/comment-bubble.png' type='button' onclick='CommentPhoto(&#34; Photo #02 - Fox Glacier&#34;)'><\/a><\/div>\n<\/td>\n<\/tr>\n<\/table>\n<table style='background-color: #f9f9f9; font-weight: bold; color: black'>\n<tr>\n<td>\n<a href='..\/k-php\/voir-photos.php?rep=k-photos&#038;voy=nz_2013&#038;jrs=29&#038;grd=g&#038;num=3'><img style='margin-left: 10px; margin-right: 10px; border: 5px double black; background-color: white' src='..\/k-photos\/nz_2013\/j29_v\/KP20130217_092650C_3.JPG' alt='photo no 3' align=left><\/a><strong>#03 &#8211; Fox Glacier<\/strong><\/br>La vall\u00e9e en direction du glacier.<\/p>\n<div id='photocom' style='text-align: right'><a href='#commentform' title='Commenter cette photo'><img src='..\/k-images\/comment-bubble.png' type='button' onclick='CommentPhoto(&#34; Photo #03 - Fox Glacier&#34;)'><\/a><\/div>\n<\/td>\n<\/tr>\n<\/table>\n<table style='background-color: #f9f9f9; font-weight: bold; color: black'>\n<tr>\n<td>\n<a href='..\/k-php\/voir-photos.php?rep=k-photos&#038;voy=nz_2013&#038;jrs=29&#038;grd=g&#038;num=4'><img style='margin-left: 10px; margin-right: 10px; border: 5px double black; background-color: white' src='..\/k-photos\/nz_2013\/j29_v\/KP20130217_094150C_3.JPG' alt='photo no 4' align=left><\/a><strong>#04 &#8211; Fox Glacier<\/strong><\/br>Au pied du glacier.<\/p>\n<div id='photocom' style='text-align: right'><a href='#commentform' title='Commenter cette photo'><img src='..\/k-images\/comment-bubble.png' type='button' onclick='CommentPhoto(&#34; Photo #04 - Fox Glacier&#34;)'><\/a><\/div>\n<\/td>\n<\/tr>\n<\/table>\n<table style='background-color: #f9f9f9; font-weight: bold; color: black'>\n<tr>\n<td>\n<a href='..\/k-php\/voir-photos.php?rep=k-photos&#038;voy=nz_2013&#038;jrs=29&#038;grd=g&#038;num=5'><img style='margin-left: 10px; margin-right: 10px; border: 5px double black; background-color: white' src='..\/k-photos\/nz_2013\/j29_v\/KP20130217_095343C_3.JPG' alt='photo no 5' align=left><\/a><strong>#05 &#8211; Fox Glacier<\/strong><\/br>La langue du glacier.<\/p>\n<div id='photocom' style='text-align: right'><a href='#commentform' title='Commenter cette photo'><img src='..\/k-images\/comment-bubble.png' type='button' onclick='CommentPhoto(&#34; Photo #05 - Fox Glacier&#34;)'><\/a><\/div>\n<\/td>\n<\/tr>\n<\/table>\n<table style='background-color: #f9f9f9; font-weight: bold; color: black'>\n<tr>\n<td>\n<a href='..\/k-php\/voir-photos.php?rep=k-photos&#038;voy=nz_2013&#038;jrs=29&#038;grd=g&#038;num=6'><img style='margin-left: 10px; margin-right: 10px; border: 5px double black; background-color: white' src='..\/k-photos\/nz_2013\/j29_v\/KP20130217_095618C_3.JPG' alt='photo no 6' align=left><\/a><strong>#06 &#8211; Fox Glacier<\/strong><\/br>La vall\u00e9e creus\u00e9e par le glacier.<\/p>\n<div id='photocom' style='text-align: right'><a href='#commentform' title='Commenter cette photo'><img src='..\/k-images\/comment-bubble.png' type='button' onclick='CommentPhoto(&#34; Photo #06 - Fox Glacier&#34;)'><\/a><\/div>\n<\/td>\n<\/tr>\n<\/table>\n<table style='background-color: #f9f9f9; font-weight: bold; color: black'>\n<tr>\n<td>\n<a href='..\/k-php\/voir-photos.php?rep=k-photos&#038;voy=nz_2013&#038;jrs=29&#038;grd=g&#038;num=7'><img style='margin-left: 10px; margin-right: 10px; border: 5px double black; background-color: white' src='..\/k-photos\/nz_2013\/j29_v\/KP20130217_095848C_3.JPG' alt='photo no 7' align=left><\/a><strong>#07 &#8211; Fox Glacier<\/strong><\/br>Arche de neige et de glace au pied du glacier.<\/p>\n<div id='photocom' style='text-align: right'><a href='#commentform' title='Commenter cette photo'><img src='..\/k-images\/comment-bubble.png' type='button' onclick='CommentPhoto(&#34; Photo #07 - Fox Glacier&#34;)'><\/a><\/div>\n<\/td>\n<\/tr>\n<\/table>\n<table style='background-color: #f9f9f9; font-weight: bold; color: black'>\n<tr>\n<td>\n<a href='..\/k-php\/voir-photos.php?rep=k-photos&#038;voy=nz_2013&#038;jrs=29&#038;grd=g&#038;num=8'><img style='margin-left: 10px; margin-right: 10px; border: 5px double black; background-color: white' src='..\/k-photos\/nz_2013\/j29_v\/KP20130217_095939C_3.JPG' alt='photo no 8' align=left><\/a><strong>#08 &#8211; Fox Glacier<\/strong><\/br>Les papilles gustatives tout le long des crevasses du glacier au bout de sa langue sont remplies de d\u00e9p\u00f4ts noirs drain\u00e9s durant sa lente descente.<\/p>\n<div id='photocom' style='text-align: right'><a href='#commentform' title='Commenter cette photo'><img src='..\/k-images\/comment-bubble.png' type='button' onclick='CommentPhoto(&#34; Photo #08 - Fox Glacier&#34;)'><\/a><\/div>\n<\/td>\n<\/tr>\n<\/table>\n<table style='background-color: #f9f9f9; font-weight: bold; color: black'>\n<tr>\n<td>\n<a href='..\/k-php\/voir-photos.php?rep=k-photos&#038;voy=nz_2013&#038;jrs=29&#038;grd=g&#038;num=9'><img style='margin-left: 10px; margin-right: 10px; border: 5px double black; background-color: white' src='..\/k-photos\/nz_2013\/j29_v\/KP20130217_100315C_3.JPG' alt='photo no 9' align=left><\/a><strong>#09 &#8211; Fox Glacier<\/strong><\/br>Plus on regarde le glacier au loin, plus la neige et la glace nous paraissent blanche avec des reflets bleut\u00e9s.<\/p>\n<div id='photocom' style='text-align: right'><a href='#commentform' title='Commenter cette photo'><img src='..\/k-images\/comment-bubble.png' type='button' onclick='CommentPhoto(&#34; Photo #09 - Fox Glacier&#34;)'><\/a><\/div>\n<\/td>\n<\/tr>\n<\/table>\n<table style='background-color: #f9f9f9; font-weight: bold; color: black'>\n<tr>\n<td>\n<a href='..\/k-php\/voir-photos.php?rep=k-photos&#038;voy=nz_2013&#038;jrs=29&#038;grd=g&#038;num=10'><img style='margin-left: 10px; margin-right: 10px; border: 5px double black; background-color: white' src='..\/k-photos\/nz_2013\/j29_v\/KP20130217_100517C_3.JPG' alt='photo no 10' align=left><\/a><strong>#10 &#8211; Fox Glacier<\/strong><\/br>On s\u2019approche beaucoup plus de la langue du glacier Fox que de celle du glacier Franz Josef.<\/p>\n<div id='photocom' style='text-align: right'><a href='#commentform' title='Commenter cette photo'><img src='..\/k-images\/comment-bubble.png' type='button' onclick='CommentPhoto(&#34; Photo #10 - Fox Glacier&#34;)'><\/a><\/div>\n<\/td>\n<\/tr>\n<\/table>\n<table style='background-color: #f9f9f9; font-weight: bold; color: black'>\n<tr>\n<td>\n<a href='..\/k-php\/voir-photos.php?rep=k-photos&#038;voy=nz_2013&#038;jrs=29&#038;grd=g&#038;num=11'><img style='margin-left: 10px; margin-right: 10px; border: 5px double black; background-color: white' src='..\/k-photos\/nz_2013\/j29_v\/KP20130217_101532C_101551C_3.jpg' alt='photo no 11' align=left><\/a><strong>#11 &#8211; Fox Glacier<\/strong><\/br>On imagine difficilement qu\u2019en 1750 le glacier recouvrait toute cette vall\u00e9e.<\/p>\n<div id='photocom' style='text-align: right'><a href='#commentform' title='Commenter cette photo'><img src='..\/k-images\/comment-bubble.png' type='button' onclick='CommentPhoto(&#34; Photo #11 - Fox Glacier&#34;)'><\/a><\/div>\n<\/td>\n<\/tr>\n<\/table>\n<table style='background-color: #f9f9f9; font-weight: bold; color: black'>\n<tr>\n<td>\n<a href='..\/k-php\/voir-photos.php?rep=k-photos&#038;voy=nz_2013&#038;jrs=29&#038;grd=g&#038;num=12'><img style='margin-left: 10px; margin-right: 10px; border: 5px double black; background-color: white' src='..\/k-photos\/nz_2013\/j29_v\/KP20130217_103154C_3.JPG' alt='photo no 12' align=left><\/a><strong>#12 &#8211; Fox Glacier<\/strong><\/br>Petite rivi\u00e8re dans la vall\u00e9e sur le retour.<\/p>\n<div id='photocom' style='text-align: right'><a href='#commentform' title='Commenter cette photo'><img src='..\/k-images\/comment-bubble.png' type='button' onclick='CommentPhoto(&#34; Photo #12 - Fox Glacier&#34;)'><\/a><\/div>\n<\/td>\n<\/tr>\n<\/table>\n<table style='background-color: #f9f9f9; font-weight: bold; color: black'>\n<tr>\n<td>\n<a href='..\/k-php\/voir-photos.php?rep=k-photos&#038;voy=nz_2013&#038;jrs=29&#038;grd=g&#038;num=13'><img style='margin-left: 10px; margin-right: 10px; border: 5px double black; background-color: white' src='..\/k-photos\/nz_2013\/j29_v\/KP20130217_104523C_104542C_3.jpg' alt='photo no 13' align=left><\/a><strong>#13 &#8211; Fox Glacier<\/strong><\/br>Panorama de la vall\u00e9e en direction du glacier.<\/p>\n<div id='photocom' style='text-align: right'><a href='#commentform' title='Commenter cette photo'><img src='..\/k-images\/comment-bubble.png' type='button' onclick='CommentPhoto(&#34; Photo #13 - Fox Glacier&#34;)'><\/a><\/div>\n<\/td>\n<\/tr>\n<\/table>\n<table style='background-color: #f9f9f9; font-weight: bold; color: black'>\n<tr>\n<td>\n<a href='..\/k-php\/voir-photos.php?rep=k-photos&#038;voy=nz_2013&#038;jrs=29&#038;grd=g&#038;num=14'><img style='margin-left: 10px; margin-right: 10px; border: 5px double black; background-color: white' src='..\/k-photos\/nz_2013\/j29_v\/KP20130217_132119C_3.JPG' alt='photo no 14' align=left><\/a><strong>#14 &#8211; Knights Point<\/strong><\/br>Fleurs orang\u00e9es et r\u00e9cifs dans la mer.<\/p>\n<div id='photocom' style='text-align: right'><a href='#commentform' title='Commenter cette photo'><img src='..\/k-images\/comment-bubble.png' type='button' onclick='CommentPhoto(&#34; Photo #14 - Knights Point&#34;)'><\/a><\/div>\n<\/td>\n<\/tr>\n<\/table>\n<table style='background-color: #f9f9f9; font-weight: bold; color: black'>\n<tr>\n<td>\n<a href='..\/k-php\/voir-photos.php?rep=k-photos&#038;voy=nz_2013&#038;jrs=29&#038;grd=g&#038;num=15'><img style='margin-left: 10px; margin-right: 10px; border: 5px double black; background-color: white' src='..\/k-photos\/nz_2013\/j29_v\/KP20130217_134635C_3.JPG' alt='photo no 15' align=left><\/a><strong>#15 &#8211; Ship Creek<\/strong><\/br>Roches aux formes et teintes particuli\u00e8res sur la plage.<\/p>\n<div id='photocom' style='text-align: right'><a href='#commentform' title='Commenter cette photo'><img src='..\/k-images\/comment-bubble.png' type='button' onclick='CommentPhoto(&#34; Photo #15 - Ship Creek&#34;)'><\/a><\/div>\n<\/td>\n<\/tr>\n<\/table>\n<table style='background-color: #f9f9f9; font-weight: bold; color: black'>\n<tr>\n<td>\n<a href='..\/k-php\/voir-photos.php?rep=k-photos&#038;voy=nz_2013&#038;jrs=29&#038;grd=g&#038;num=16'><img style='margin-left: 10px; margin-right: 10px; border: 5px double black; background-color: white' src='..\/k-photos\/nz_2013\/j29_v\/KP20130217_134807C_3.JPG' alt='photo no 16' align=left><\/a><strong>#16 &#8211; Ship Creek<\/strong><\/br>Roches aux formes et teintes particuli\u00e8res sur la plage.<\/p>\n<div id='photocom' style='text-align: right'><a href='#commentform' title='Commenter cette photo'><img src='..\/k-images\/comment-bubble.png' type='button' onclick='CommentPhoto(&#34; Photo #16 - Ship Creek&#34;)'><\/a><\/div>\n<\/td>\n<\/tr>\n<\/table>\n<table style='background-color: #f9f9f9; font-weight: bold; color: black'>\n<tr>\n<td>\n<a href='..\/k-php\/voir-photos.php?rep=k-photos&#038;voy=nz_2013&#038;jrs=29&#038;grd=g&#038;num=17'><img style='margin-left: 10px; margin-right: 10px; border: 5px double black; background-color: white' src='..\/k-photos\/nz_2013\/j29_v\/KP20130217_135707C_3.JPG' alt='photo no 17' align=left><\/a><strong>#17 &#8211; Ship Creek<\/strong><\/br>Petite rivi\u00e8re se d\u00e9versant dans la mer.<\/p>\n<div id='photocom' style='text-align: right'><a href='#commentform' title='Commenter cette photo'><img src='..\/k-images\/comment-bubble.png' type='button' onclick='CommentPhoto(&#34; Photo #17 - Ship Creek&#34;)'><\/a><\/div>\n<\/td>\n<\/tr>\n<\/table>\n<table style='background-color: #f9f9f9; font-weight: bold; color: black'>\n<tr>\n<td>\n<a href='..\/k-php\/voir-photos.php?rep=k-photos&#038;voy=nz_2013&#038;jrs=29&#038;grd=g&#038;num=18'><img style='margin-left: 10px; margin-right: 10px; border: 5px double black; background-color: white' src='..\/k-photos\/nz_2013\/j29_v\/KP20130217_140008C_3.JPG' alt='photo no 18' align=left><\/a><strong>#18 &#8211; Ship Creek<\/strong><\/br>Petit lac aux effets de miroir brun\u00e2tres.<\/p>\n<div id='photocom' style='text-align: right'><a href='#commentform' title='Commenter cette photo'><img src='..\/k-images\/comment-bubble.png' type='button' onclick='CommentPhoto(&#34; Photo #18 - Ship Creek&#34;)'><\/a><\/div>\n<\/td>\n<\/tr>\n<\/table>\n<table style='background-color: #f9f9f9; font-weight: bold; color: black'>\n<tr>\n<td>\n<a href='..\/k-php\/voir-photos.php?rep=k-photos&#038;voy=nz_2013&#038;jrs=29&#038;grd=g&#038;num=19'><img style='margin-left: 10px; margin-right: 10px; border: 5px double black; background-color: white' src='..\/k-photos\/nz_2013\/j29_v\/KP20130217_140444C_3.JPG' alt='photo no 19' align=left><\/a><strong>#19 &#8211; Ship Creek<\/strong><\/br>Petit lac aux effets de miroir brun\u00e2tres.<\/p>\n<div id='photocom' style='text-align: right'><a href='#commentform' title='Commenter cette photo'><img src='..\/k-images\/comment-bubble.png' type='button' onclick='CommentPhoto(&#34; Photo #19 - Ship Creek&#34;)'><\/a><\/div>\n<\/td>\n<\/tr>\n<\/table>\n<\/td>\n<\/tr>\n<\/table>\n<p style='font-size: 12pt; font-style: bold; text-align: right; margin-right: 80px'><strong>&Eacute;dit&eacute; par: &#169; Klode P. (www.klodep.ca)<\/strong><\/p>\n","protected":false},"excerpt":{"rendered":"<p>Photos prises le 17 f\u00e9vrier lors de ma visite au glacier Fox et sur la route \u00e0 Knights Point et Ship Creek un peu avant d&rsquo;arriv\u00e9e \u00e0 Haast. Diaporama #01 &#8211; Fox GlacierParoie rocheuse dans la vall\u00e9e pour se rendre &hellip; <a href=\"https:\/\/nz2013.klodep.ca\/wrdpnz2013\/?page_id=1848\">Continuer la lecture <span class=\"meta-nav\">&rarr;<\/span><\/a><\/p>\n","protected":false},"author":1,"featured_media":0,"parent":0,"menu_order":0,"comment_status":"open","ping_status":"closed","template":"","meta":{"footnotes":""},"class_list":["post-1848","page","type-page","status-publish","hentry"],"_links":{"self":[{"href":"https:\/\/nz2013.klodep.ca\/wrdpnz2013\/index.php?rest_route=\/wp\/v2\/pages\/1848","targetHints":{"allow":["GET"]}}],"collection":[{"href":"https:\/\/nz2013.klodep.ca\/wrdpnz2013\/index.php?rest_route=\/wp\/v2\/pages"}],"about":[{"href":"https:\/\/nz2013.klodep.ca\/wrdpnz2013\/index.php?rest_route=\/wp\/v2\/types\/page"}],"author":[{"embeddable":true,"href":"https:\/\/nz2013.klodep.ca\/wrdpnz2013\/index.php?rest_route=\/wp\/v2\/users\/1"}],"replies":[{"embeddable":true,"href":"https:\/\/nz2013.klodep.ca\/wrdpnz2013\/index.php?rest_route=%2Fwp%2Fv2%2Fcomments&post=1848"}],"version-history":[{"count":4,"href":"https:\/\/nz2013.klodep.ca\/wrdpnz2013\/index.php?rest_route=\/wp\/v2\/pages\/1848\/revisions"}],"predecessor-version":[{"id":1877,"href":"https:\/\/nz2013.klodep.ca\/wrdpnz2013\/index.php?rest_route=\/wp\/v2\/pages\/1848\/revisions\/1877"}],"wp:attachment":[{"href":"https:\/\/nz2013.klodep.ca\/wrdpnz2013\/index.php?rest_route=%2Fwp%2Fv2%2Fmedia&parent=1848"}],"curies":[{"name":"wp","href":"https:\/\/api.w.org\/{rel}","templated":true}]}}